{"id":7347,"date":"2026-03-11T00:06:55","date_gmt":"2026-03-11T00:06:55","guid":{"rendered":"https:\/\/yazinulkesi.com.tr\/?page_id=7347"},"modified":"2026-03-11T00:06:56","modified_gmt":"2026-03-11T00:06:56","slug":"biz-kimiz","status":"publish","type":"page","link":"https:\/\/yazinulkesi.com.tr\/?page_id=7347","title":{"rendered":"Biz Kimiz"},"content":{"rendered":"\n<p>Biz, Mara\u015f\u2019\u0131n kadim k\u00fclt\u00fcr\u00fcnde, bar\u0131nd\u0131rd\u0131\u011f\u0131 edebi havzada soluklan\u0131yor, g\u00f6lgesinden istifade ediyor, ulu \u00e7\u0131narlar\u0131n dizinin dibinden beslenmeye \u00e7al\u0131\u015f\u0131yoruz. Edebiyat\u0131 kendimize rehber edinirken sadece bug\u00fcne vermiyoruz kula\u011f\u0131m\u0131z\u0131; bug\u00fcn\u00fcn metinlerinden yard\u0131m al\u0131yor, ge\u00e7mi\u015fin birikiminden gelece\u011fimize \u0131\u015f\u0131k tutuyoruz.<\/p>\n\n\n\n<p><br>K\u00fclt\u00fcr sanat\u0131n hemen her alan\u0131nda \u00fcretilen eserlere g\u00f6z dikiyoruz. Zihnimiz hep diri, g\u00f6zlerimiz a\u00e7\u0131k; memleketimizin k\u00fclt\u00fcr sanat\u0131na dair haberleri, geli\u015fmeleri takip ediyor ve aktar\u0131lmas\u0131n\u0131 sa\u011fl\u0131yoruz.<br>Buras\u0131 bir \u015fiir, kitap, insan, ayn\u0131 zamanda buras\u0131 bir okuma k\u0131lavuzu, her vakitte okuyabilece\u011fimiz, hem keyif alaca\u011f\u0131m\u0131z hem de istifade edebilece\u011fimiz bir k\u00fct\u00fcphane. Buras\u0131 ge\u00e7mi\u015ften g\u00fcn\u00fcm\u00fcze bo\u015fluksuz \u015fekilde \u00f6n\u00fcm\u00fcze b\u00fcy\u00fck eserlerden tad\u0131ml\u0131k ikramlarda bulunan bir sofra.<br><\/p>\n\n\n\n<p>Buras\u0131 yazmak isteyenlere rehber oldu\u011fu gibi alan a\u00e7an bir ev sahibi de ayn\u0131 zamanda, yazar adaylar\u0131n\u0131n ve yazarlar\u0131n metinlerini yay\u0131nlayabilece\u011fi bir havza. Edebiyat\u0131n hem seslerinden biri hem de sesi ula\u015ft\u0131ran, ta\u015f\u0131yan arac\u0131.<\/p>\n\n\n\n<p><br>Yaz\u0131n \u00fclkesi, yaz\u0131ya dair her n\u00fcvenin ya\u015fad\u0131\u011f\u0131 bir \u00fclke.<\/p>\n","protected":false},"excerpt":{"rendered":"<div class=\"tmnf_excerpt\"><p>Biz, Mara\u015f\u2019\u0131n kadim k\u00fclt\u00fcr\u00fcnde, bar\u0131nd\u0131rd\u0131\u011f\u0131 edebi havzada soluklan\u0131yor, g\u00f6lgesinden istifade ediyor, ulu \u00e7\u0131narlar\u0131n dizinin dibinden beslenmeye \u00e7al\u0131\u015f\u0131yoruz. Edebiyat\u0131 kendimize rehber edinirken sadece bug\u00fcne vermiyoruz kula\u011f\u0131m\u0131z\u0131; bug\u00fcn\u00fcn metinlerinden yard\u0131m al\u0131yor, ge\u00e7mi\u015fin birikiminden gelece\u011fimize \u0131\u015f\u0131k tutuyoruz. K\u00fclt\u00fcr sanat\u0131n hemen her alan\u0131nda \u00fcretilen eserlere g\u00f6z dikiyoruz. Zihnimiz hep diri, g\u00f6zlerimiz a\u00e7\u0131k; memleketimizin k\u00fclt\u00fcr sanat\u0131na dair haberleri, geli\u015fmeleri takip &hellip;<\/p>\n<\/div>","protected":false},"author":1,"featured_media":0,"parent":0,"menu_order":0,"comment_status":"closed","ping_status":"closed","template":"","meta":{"_eb_attr":"","footnotes":""},"class_list":["post-7347","page","type-page","status-publish","hentry"],"rttpg_featured_image_url":null,"rttpg_author":{"display_name":"marascol.adm21@gmail.com","author_link":"https:\/\/yazinulkesi.com.tr\/author\/marascol-adm21gmail-com"},"rttpg_comment":0,"rttpg_category":null,"rttpg_excerpt":"Biz, Mara\u015f\u2019\u0131n kadim k\u00fclt\u00fcr\u00fcnde, bar\u0131nd\u0131rd\u0131\u011f\u0131 edebi havzada soluklan\u0131yor, g\u00f6lgesinden istifade ediyor, ulu \u00e7\u0131narlar\u0131n dizinin dibinden beslenmeye \u00e7al\u0131\u015f\u0131yoruz. Edebiyat\u0131 kendimize rehber edinirken sadece bug\u00fcne vermiyoruz kula\u011f\u0131m\u0131z\u0131; bug\u00fcn\u00fcn metinlerinden yard\u0131m al\u0131yor, ge\u00e7mi\u015fin birikiminden gelece\u011fimize \u0131\u015f\u0131k tutuyoruz. K\u00fclt\u00fcr sanat\u0131n hemen her alan\u0131nda \u00fcretilen eserlere g\u00f6z dikiyoruz. Zihnimiz hep diri, g\u00f6zlerimiz a\u00e7\u0131k; memleketimizin k\u00fclt\u00fcr sanat\u0131na dair haberleri, geli\u015fmeleri takip&hellip;","_links":{"self":[{"href":"https:\/\/yazinulkesi.com.tr\/index.php?rest_route=\/wp\/v2\/pages\/7347","targetHints":{"allow":["GET"]}}],"collection":[{"href":"https:\/\/yazinulkesi.com.tr\/index.php?rest_route=\/wp\/v2\/pages"}],"about":[{"href":"https:\/\/yazinulkesi.com.tr\/index.php?rest_route=\/wp\/v2\/types\/page"}],"author":[{"embeddable":true,"href":"https:\/\/yazinulkesi.com.tr\/index.php?rest_route=\/wp\/v2\/users\/1"}],"replies":[{"embeddable":true,"href":"https:\/\/yazinulkesi.com.tr\/index.php?rest_route=%2Fwp%2Fv2%2Fcomments&post=7347"}],"version-history":[{"count":2,"href":"https:\/\/yazinulkesi.com.tr\/index.php?rest_route=\/wp\/v2\/pages\/7347\/revisions"}],"predecessor-version":[{"id":7493,"href":"https:\/\/yazinulkesi.com.tr\/index.php?rest_route=\/wp\/v2\/pages\/7347\/revisions\/7493"}],"wp:attachment":[{"href":"https:\/\/yazinulkesi.com.tr\/index.php?rest_route=%2Fwp%2Fv2%2Fmedia&parent=7347"}],"curies":[{"name":"wp","href":"https:\/\/api.w.org\/{rel}","templated":true}]}}